- a. Let v(d) = d**2 + 1. Let m(t) = 2*t**2 - 4*t + 3. Let o(y) = -m(y) + 5*v(y). Determine o(p).
6
Let k(z) be the second derivative of -z**6/360 + z**5/24 + z**4/8 + z**3/3 - 3*z. Let g(b) be the second derivative of k(b). Suppose 6*n - 10 = 4*n. Give g(n).
3
Suppose 5*t + 2*m = 16, 2*m = t + 2 + 2. Suppose -t*j - j = -2*b, -b = j. Let q be (b/((-3)/(-1)))/(-1). Let c(o) = -o - 4. Give c(q).
-4
Suppose -2*x + 3 = -5*x. Let j = x - 1. Let t(l) = -l**3 + l**2 - 1. Let c(b) = -6*b**3 + 6*b**2 + b - 6. Let y(p) = -c(p) + 5*t(p). What is y(j)?
-9
Let p be 1 + 6 + -8 + (-10)/(-8). Let b(i) be the third derivative of 1/2*i**3 + 0 - p*i**4 + 0*i + i**2 - 1/60*i**5. What is b(-6)?
3
Suppose -m - 2 = 3. Let h(w) be the second derivative of w**6/720 + 7*w**5/120 + w**4/12 + w. Let n(p) be the third derivative of h(p). Determine n(m).
2
Let n = 1 - 5. Let l = 33 + -30. Let u(r) = -2*r + r**l + 0*r + 4*r + 3 + 5*r**2. Determine u(n).
11
Let r = -8 + 15. Suppose 0 = -2*w + r + 1. Let z(q) = w + q**2 - 2*q - 5 - 5. What is z(5)?
9
Let p(c) be the second derivative of -1/4*c**4 + 1/20*c**5 + 0*c**3 - c - 1/2*c**2 + 0. Suppose 5*k - 22 = -v - 5, -k - 5*v = -13. Determine p(k).
-1
Let a(w) = 5*w**2 - 5*w**2 + 7*w**2 + 0*w**2. What is a(-1)?
7
Let w be -3 + ((-1)/12)/(6/(-219)). Let y(n) be the third derivative of -w*n**4 - 1/60*n**5 - 1/6*n**3 + n**2 + 0 + 0*n. Determine y(0).
-1
Let g(t) = -t. Let k(j) = -6*j + 3. Let l be k(-4). Suppose -l = 5*r - 7. What is g(r)?
4
Let s(n) = -n**3 + 8*n**2 + 10*n - 10. Let r = -56 - -65. Give s(r).
-1
Let q(o) = -o + 16. Let p = 33 - 33. Calculate q(p).
16
Let f(b) = 3 + 6*b - 3. Let u be f(1). Let x(m) = m**3 - 5*m**2 - 6*m + 3. What is x(u)?
3
Let h be (-2)/(-3)*9/(-6). Let l(z) = -2*z**2 - z - 1. Determine l(h).
-2
Suppose 5*x - 3 = 2*x. Suppose -x = -2*h + 1. Let s(p) = -7*p**2 + p + 1. Let j(k) = -15*k**2 + 3*k + 2. Let c(w) = -2*j(w) + 5*s(w). What is c(h)?
-5
Let m(q) = -1 - 2*q + 0 + 0*q - q**2. Let b be (-2)/(-3)*(-21)/14. Calculate m(b).
0
Let a(b) = b**3 - b - 1. Suppose 0*y - 4*y + 4*u + 8 = 0, 10 = 5*y + u. What is a(y)?
5
Let z = 22 - 20. Let w(q) be the first derivative of q**7/420 - q**6/120 - 2*q**3/3 - 2. Let o(f) be the third derivative of w(f). What is o(z)?
4
Suppose -5*h - 12 = 13, h = 5*u - 25. Let j(d) = -d**2 + 3*d - 1. Let r be j(u). Let b(s) be the first derivative of -s**2/2 + 1. Determine b(r).
5
Let k(t) = -t**3 - 3*t**2 + 1. Let s = 16 + -20. What is k(s)?
17
Let q(h) = -39 + 2*h + 39. Let j(w) be the second derivative of w**4/12 + 5*w**3/6 - 2*w**2 + 2*w. Let l be j(-6). Calculate q(l).
4
Let a(k) = k. Let q(y) = y**2 + 10*y - 5. Let b(h) = -h**3 - 6*h**2 - h + 9. Let o be b(-5). Let c be q(o). Determine a(c).
6
Let l(i) = 6*i + 3. Let w(k) = 11*k + 6. Let y(g) = -5*l(g) + 3*w(g). Suppose -6*h + 84 + 36 = 0. Suppose 6*n = n - h. What is y(n)?
-9
Let d(x) be the second derivative of x**5/20 + 2*x**4/3 + 7*x**3/6 - 4*x**2 - 2*x. Suppose o + 4*o - 2*j = -45, -j = o + 2. Give d(o).
-8
Let c(l) = -l**2 - 5*l + 4. Let o = -1 + 1. Suppose -5*k + u + 29 = o, 0 = k + 5*u - 7 - 4. Let t = 1 - k. Determine c(t).
4
Let m(h) = -13*h**2 - 8*h - 5. Let w(f) = -29*f**2 - 16*f - 10. Let g(k) = -9*m(k) + 4*w(k). Suppose -7 = 5*c + 4*n + 9, 3 = 3*n. Calculate g(c).
-11
Let o be 0/(-2) + (-3)/(-1). Let f(w) = w**2 + 4 + 0 + w**2 - w**o - w. Let a = 14 - 11. Calculate f(a).
-8
Let c(z) = -z**2 + z + 25. Suppose 0*s + s - 4*b + 20 = 0, -2*s - 4*b = -20. What is c(s)?
25
Let s = 10 + -16. Let h(m) = m**3 + 6*m**2 + m. What is h(s)?
-6
Let n be ((-1)/1)/(2/4). Let a be 34/(-10) - n/5. Let s(z) = -2*z**2 - 4*z + 8. Let x(w) = -5*w**2 - 11*w + 23. Let u(m) = a*x(m) + 8*s(m). Determine u(0).
-5
Let b(q) = -q**2 + 6*q + 2. Let a be (-8)/(-1) - (4 - 2). Let s be b(a). Let i(z) be the first derivative of z**3/3 - z**2/2 - z + 2. What is i(s)?
1
Suppose 4*g + 2*m - 6 = -0*m, -2*m = -g - 1. Let s(a) = -9*a. What is s(g)?
-9
Let v(h) be the first derivative of h**3/3 + 4*h**2 - 9*h + 28. Calculate v(-8).
-9
Let t(f) = f - 1. Suppose -b + 2 = -2*w + 8, 5*w - 5 = 5*b. Calculate t(b).
3
Let b(a) be the first derivative of -a**5/60 - a**4/12 - a**3/3 + 1. Let p(x) be the third derivative of b(x). What is p(-4)?
6
Let r(u) be the first derivative of -2 - 3/2*u**2 - 3*u. Give r(-2).
3
Suppose 0*k - 45 = 3*k. Let w = 14 + k. Let g(n) = -3*n**3 - n**2 - n - 1. Calculate g(w).
2
Suppose -5*n = 5*u + 15, n + 3*u = -0*n - 13. Let o(f) = n + 5*f + 1 + f**3 - 7 + 6*f**2. Let j be (-3)/(-2) + (-33)/6. Give o(j).
8
Suppose -4*n = -3*l + 5, n - 7 = -l + 4. Let w be -1*l*(1 - 3). Suppose -6 - w = -4*g. Let b(t) = -t + 3. Determine b(g).
-2
Suppose c + 2 = 6. Let q(k) = 0 - 1 - k**3 - 5*k + 9 + 5*k**2 - 2. Calculate q(c).
2
Suppose g - 18 = -24. Let c(q) = q**3 + 5*q**2 - 6*q + 5. Give c(g).
5
Suppose 2*o + 3*o = 2*a - 36, 2*o + 27 = 5*a. Let r(t) be the first derivative of -t**3/3 - 3*t**2/2 + 8*t + 2. What is r(o)?
-10
Let c(i) = -11*i + 1. Suppose 4*k + 5*m - m = 4, -5*k + 5*m = -5. Give c(k).
-10
Let t(v) = -118 - 3*v + 2*v**2 - 3*v - 3*v**2 + 122. Determine t(-6).
4
Let n(r) = r**3 + 2*r**2 - 3*r - 1. Suppose -12 = v - 2*v. Suppose 3*b + v = -b. Determine n(b).
-1
Let v be (16/112)/((-1)/((-7)/24)). Let w(p) be the third derivative of 0 + v*p**4 - p**2 - 1/2*p**3 + 0*p. Determine w(-3).
-6
Let u(r) = -6*r**2 + 9*r - 6. Let t(k) = k**2 - 2*k + 1. Let n be t(3). Let l(g) = 5*g**2 - 8*g + 5. Let w(d) = n*u(d) + 5*l(d). What is w(5)?
6
Let k(u) = -u**2 + 5*u. Let m(z) = -z**2 + 10*z - 10. Let q be m(9). Let g be q/2*-12*1. Give k(g).
-6
Let w(y) = 0*y - 2*y**2 + 0*y + 1 - y - 2*y**2. What is w(1)?
-4
Let d(b) = -169*b + 170*b - 5 + 1 + 2. Give d(4).
2
Let j(m) = -m**2 + 6*m - 3. Let r be -5*1/(4/(-4)). Calculate j(r).
2
Let q(g) = -3*g**2 + 0*g**2 + g - 100 + 106 - g**3 - 3*g**2. Determine q(-6).
0
Suppose 5*d - 9 = 6. Let p be (3/(-2))/((-36)/24). Let m(j) = -j**3 + 3*j**2 + 3*j + p + 0*j**2 - 4*j + d*j. Determine m(4).
-7
Let d(a) = 2*a**3 - 4*a**2 - 5*a + 2. Let q(m) = -m**2 - m. Let y(u) = -d(u) + 6*q(u). Give y(-2).
8
Suppose -4*h - h = 0. Suppose -3*k + p + h*p - 16 = 0, p - 6 = k. Let d(s) = -s**2 - 7*s - 1. Calculate d(k).
9
Let k(g) = -g - 4. Let c be k(-5). Let t(p) = -p**3 + 4*p**2 - 3*p + 4. Let f be t(3). Let j(o) = 9 + 4*o - c - o**2 - f. Give j(5).
-1
Let w = 6 + -2. Suppose -c - 15 = -w*c. Let x(y) be the second derivative of y**5/20 - y**4/2 + 2*y**3/3 - y. Give x(c).
-5
Let y(o) = o**2 + 0 + 3 + o - 4 + 3. Let w be (-33)/44 + 10/(-8). Determine y(w).
4
Let r(x) be the third derivative of -x**6/40 - x**5/60 + x**4/12 - x**3/6 - 8*x**2. What is r(-2)?
15
Let t(a) = a + 1. Let b = 0 + -1. Let n(f) = -f**2 + f - 1. Let z(p) = -4*p**2 - 2*p - 3. Let y(o) = b*z(o) + 5*n(o). Let j be y(6). What is t(j)?
5
Let n(h) be the first derivative of -h**2/2 + 2*h - 4. Calculate n(0).
2
Suppose o - 6*o = 5. Let n(q) = -q + 1. Let y(z) = -z**2 + z**2 + 2*z**2 + 2*z - 2. Let r(a) = -2*n(a) - y(a). Determine r(o).
-2
Let j(u) = 3 + u**2 - u + 0*u**2 - 4*u. Suppose -9 = -4*a + a. Calculate j(a).
-3
Let i(a) = 9*a**3 + 9*a**2 - 9*a + 8. Let c(o) = -5*o**3 - 5*o**2 + 5*o - 4. Let r(x) = -7*c(x) - 4*i(x). Give r(0).
-4
Let q(i) be the third derivative of -2/3*i**3 - 4*i**2 + 1/24*i**4 + 0*i + 0. What is q(5)?
1
Let v(l) = l**2 + 8*l - 8. Suppose 2*o = 2*h - 20, -4*o + h = -0*o + 31. What is v(o)?
-15
Let z(l) = l + 4. Let t(s) = s**3 - 9*s**2 + 3*s + 6. Let o be t(9). Suppose 5*d - 8 = -o. What is z(d)?
-1
Let d(g) = 9*g + 3. Let p(c) = 5*c + 1. Let h(n) = -n**2 + n + 1. Let m be h(4). Let l(r) = m*p(r) + 6*d(r). What is l(6)?
1
Let a(w) = -w**2 - 7*w - 18. Let f be a(-3). Let n(h) = h**2 + 8*h - 8. Give n(f).
-20
Let c(r) = 1 + 5*r**2 - 3*r**2 - r**2 + 2*r. Suppose s = 3*q + 2*q + 17, 4*q = 4*s - 20. What is c(q)?
4
Let s(b) = 3*b**2 + 0*b - 7*b**3 + 3*b - 5*b**2 - 4*b. Calculate s(-1).
6
Suppose 0 = 5*j - 56 + 1. Let a = j + -9. Let l(g) = -6 - a - 5*g - g**2 + 2 + g. Calculate l(-4).
-6
Suppose -4*o - f = -42, 0 = -3*o + 5*f - 3 + 23. Let z = -16 + o. Let x(y) = -y**3 - 5*y**2 + 6*y - 3. Give x(z).
-3
Let c(p) = -p**3 + 4*p**2 - 4*p + 1. Let w = 37 - 33. Give c(w).
-15
Let n(c) = 2*c**2 - 2*c - 1. Let f be n(3). Let d(o) = o - 2*o - 11 +